90?
1
What is the tens digit of 972101024?
2
What is the hundred thousands digit of 3749901754?
9
What is the millions digit of 168710230?
8
What is the hundreds digit of 76352168?
1
What is the hundred thousands digit of 148261524?
2
What is the units digit of 8574196?
6
What is the tens digit of 24828673?
7
What is the units digit of 320216029?
9
What is the ten millions digit of 79427141?
7
What is the units digit of 4575501?
1
What is the ten thousands digit of 77289559?
8
What is the millions digit of 76534552?
6
What is the hundred millions digit of 761028172?
7
What is the millions digit of 836319511?
6
What is the ten millions digit of 6110821293?
1
What is the hundreds digit of 695950533?
5
What is the hundred thousands digit of 212558292?
5
What is the units digit of 31329802?
2
What is the tens digit of 394261242?
4
What is the millions digit of 259448263?
9
What is the ten millions digit of 1493850249?
9
What is the millions digit of 93136739?
3
What is the hundreds digit of 673707608?
6
What is the tens digit of 196774213?
1
What is the ten millions digit of 49067320?
4
What is the tens digit of 496519758?
5
What is the units digit of 413119217?
7
What is the hundred millions digit of 1207613875?
2
What is the hundreds digit of 193964748?
7
What is the units digit of 11349951?
1
What is the tens digit of 374555968?
6
What is the thousands digit of 123152607?
2
What is the millions digit of 1816529343?
6
What is the hundred thousands digit of 75877870?
8
What is the hundred thousands digit of 515037375?
0
What is the tens digit of 167132792?
9
What is the ten thousands digit of 20942737?
4
What is the tens digit of 1965288705?
0
What is the hundred thousands digit of 338511499?
5
What is the hundreds digit of 331645227?
2
What is the ten thousands digit of 32084740?
8
What is the hundreds digit of 169222681?
6
What is the hundreds digit of 22603275?
2
What is the ten millions digit of 1650823117?
5
What is the millions digit of 2367964778?
7
What is the millions digit of 3814848?
3
What is the tens digit of 182206?
0
What is the millions digit of 61142486?
1
What is the units digit of 135663657?
7
What is the hundred thousands digit of 294073273?
0
What is the tens digit of 256274591?
9
What is the ten millions digit of 114190038?
1
What is the ten millions digit of 1772416244?
7
What is the hundred thousands digit of 41058216?
0
What is the hundred thousands digit of 348957564?
9
What is the hundred thousands digit of 2581094969?
0
What is the millions digit of 162088762?
2
What is the ten millions digit of 2428216397?
2
What is the millions digit of 42714022?
2
What is the tens digit of 3240527240?
4
What is the thousands digit of 129384013?
4
What is the thousands digit of 1527798752?
8
What is the tens digit of 619905140?
4
What is the units digit of 2808226883?
3
What is the ten thousands digit of 3238550861?
5
What is the millions digit of 459050364?
9
What is the tens digit of 126312811?
1
What is the tens digit of 644621307?
0
What is the ten millions digit of 705373653?
0
What is the ten thousands digit of 628378059?
7
What is the ten millions digit of 283580710?
8
What is the tens digit of 348504?
0
What is the millions digit of 9046299086?
6
What is the thousands digit of 1936423275?
3
What is the ten millions digit of 1782655951?
8
What is the millions digit of 3675210388?
5
What is the billions digit of 2023338008?
2
What is the units digit of 655010885?
5
What is the millions digit of 30002430?
0
What is the hundreds digit of 645004958?
9
What is the hundred thousands digit of 640262510?
2
What is the hundreds digit of 68224073?
0
What is the millions digit of 2391603786?
1
What is the hundred thousands digit of 89581120?
5
What is the hundreds digit of 573453965?
9
What is the hundred thousands digit of 105343631?
3
What is the hundred thousands digit of 4595894?
5
What is the hundreds digit of 59656530?
5
What is the units digit of 190300453?
3
What is the tens digit of 701151633?
3
What is the ten thousands digit of 1053051700?
5
What is the thousands digit of 4392083031?
3
What is the ten millions digit of 51965445?
5
What is the millions digit of 139370743?
9
What is the millions digit of 3979112752?
9
What is the units digit of 2836767413?
3
What is the millions digit of 211947704?
1
What is the thousands digit of 5498342446?
2
What is the tens digit of 133006477?
7
What is the hundreds digit of 82203642?
6
What is the millions digit of 389057467?
9
What is the hundreds digit of 56241165?
1
What is the ten thousands digit of 746369648?
6
What is the thousands digit of 89754337?
4
What is the ten thousands digit of 412156066?
5
What is the millions digit of 23493173?
3
What is the hundred thousands digit of 1511423087?
4
What is the billions digit of 1861216333?
1
What is the billions digit of 2327408829?
2
What is the units digit of 198596962?
2
What is the ten thousands digit of 44979729?
7
What is the hundred millions digit of 362361368?
3
What is the hundred thousands digit of 82001635?
0
What is the hundred millions digit of 212783115?
2
What is the hundreds digit of 4001455917?
9
What is the thousands digit of 811576542?
6
What is the units digit of 29681644?
4
What is the millions digit of 233894227?
3
What is the tens digit of 148861962?
6
What is the hundred thousands digit of 301610092?
6
What is the hundred millions digit of 4050184390?
0
What is the thousands digit of 138594666?
4
What is the units digit of 1282108863?
3
What is the thousands digit of 62990135?
0
What is the ten millions digit of 159111695?
5
What is the millions digit of 87124312?
7
What is the ten thousands digit of 14502987?
0
What is the hundred thousands digit of 108383414?
3
What is the units digit of 1420491208?
8
What is the billions digit of 1487227969?
1
What is the hundred millions digit of 4027805320?
0
What is the ten thousands digit of 204880293?
8
What is the thousands digit of 367628364?
8
What is the hundreds digit of 78377722?
7
What is the hundreds digit of 1936618739?
7
What is the units digit of 20935098?
8
What is the units digit of 25787316?
6
What is the ten thousands digit of 41031830?
3
What is the thousands digit of 59604978?
4
What is the units digit of 22067143?
3
What is the units digit of 29874080?
0
What is the units digit of 226380693?
3
What is the tens digit of 87481070?
7
What is the ten thousands digit of 950334650?
3
What is the millions digit of 197232527?
7
What is the units digit of 134073799?
9
What is the units digit of 48688579?
9
What is the ten millions digit of 226154368?
2
What is the hundreds digit of 1530343841?
8
What is the hundred thousands digit of 39856414?
8
What is the billions digit of 1018422546?
1
What is the hundred thousands digit of 6600999?
6
What is the units digit of 222646998?
8
What is the millions digit of 7020314?
7
What is the hundreds digit of 400931?
9
What is the millions digit of 3627812872?
7
What is the ten thousands digit of 303284274?
8
What is the thousands digit of 310774440?
4
What is the hundred thousands digit of 213732776?
7
What is the hundreds digit of 91734183?
1
What is the units digit of 40187251?
1
What is the thousands digit of 173074106?
4
What is the hundred thousands digit of 507846969?
8
What is the tens digit of 75008104?
0
What is the hundred millions digit of 1051894881?
0
What is the ten millions digit of 1831722970?
3
What is the ten thousands digit of 5464006524?
0
What is the thousands digit of 164881504?
1
What is the ten millions digit of 93603306?
9
What is the ten thousands digit of 4775740614?
4
What is the tens digit of 30509056?
5
What is the ten thousands digit of 441704604?
0
What is the billions digit of 3012005232?
3
What is the thousands digit of 28514356?
4
What is the tens digit of 46077891?
9
What is the units digit of 67428569?
9
What is the millions digit of 3884332824?
4
What is the hundred thousands digit of 1434481994?
4
What is the billions digit of 6252115608?
6
What is the ten thousands digit of 126333704?
3
What is the millions digit of 293778594?
3
What is the ten millions digit of 1995938060?
9
What is the units digit of 12949061?
1
What is the ten thousands digit of 902460011?
6
What is the hundreds di